{"id":281,"date":"2024-07-19T14:05:55","date_gmt":"2024-07-19T11:05:55","guid":{"rendered":"https:\/\/resis.com.tr\/?page_id=281"},"modified":"2024-07-19T14:05:55","modified_gmt":"2024-07-19T11:05:55","slug":"elterminali-2","status":"publish","type":"page","link":"https:\/\/resis.com.tr\/index.php\/elterminali-2\/","title":{"rendered":"Yemek Sepeti"},"content":{"rendered":"<div class=\"wpb-content-wrapper\"><p>[vc_row wrap_container=&#8221;yes&#8221; el_class=&#8221;p-t-xxl p-b-md&#8221;][vc_column][vc_row_inner][vc_column_inner width=&#8221;2\/3&#8243;][vc_custom_heading text=&#8221;EL TERM\u0130NAL\u0130&#8221; use_theme_fonts=&#8221;yes&#8221;][vc_column_text css=&#8221;&#8221;]<\/p>\n<h2>Restoran\u0131n\u0131z Resis Yemeksepeti Entegrasyonu\u2019ndan nas\u0131l faydalanabilir?<\/h2>\n<p>D\u00fczenli m\u00fc\u015fterileriniz Yemeksepeti\u2019nde en sevdikleri yeme\u011fi sipari\u015f ettiklerinde restoran\u0131n\u0131z\u0131n ad\u0131n\u0131n g\u00f6r\u00fcnmesini \u00e7ok ister. Resis Yemeksepeti entegrasyonu size basit ama g\u00fc\u00e7l\u00fc bir merkezi sipari\u015f sistemi sa\u011flayabilir. Yeni m\u00fc\u015fteriler edinmek ve onlar\u0131 kal\u0131c\u0131 tutmak, i\u015finizi daha iyi y\u00fcr\u00fctmenize yard\u0131mc\u0131 olabilecek bir di\u011fer kritik unsurdur.<\/p>\n<p><strong>Temel Faydalar<\/strong><\/p>\n<ul>\n<li>Her g\u00fcn yeni m\u00fc\u015fterilere ula\u015fman\u0131n verimli yolu<\/li>\n<li>Otomatik veri giri\u015fi, m\u00fc\u015fterilerinize ve i\u015finize odaklanmak i\u00e7in daha fazla zaman sa\u011flar<\/li>\n<li>Hizmetinizi iyile\u015ftirmek i\u00e7in raporlara dayal\u0131 \u00f6ng\u00f6r\u00fcler geli\u015ftirin<\/li>\n<li>G\u00f6rsel olarak \u00e7ekici men\u00fc resimleriyle daha fazla m\u00fc\u015fteri \u00e7ekin<\/li>\n<li>Sipari\u015f do\u011frulu\u011funu ve teslimat s\u00fcresini art\u0131ran kolayla\u015ft\u0131r\u0131lm\u0131\u015f ekranlar<\/li>\n<li>Online sipari\u015flerde daha fazla g\u00f6r\u00fcn\u00fcr olmak i\u00e7in sat\u0131\u015flar\u0131n\u0131z\u0131 ayr\u0131nt\u0131l\u0131 olarak takip edin.<\/li>\n<\/ul>\n<p>[\/vc_column_text][\/vc_column_inner][vc_column_inner width=&#8221;1\/3&#8243;][vc_single_image image=&#8221;245&#8243; img_size=&#8221;large&#8221;][\/vc_column_inner][\/vc_row_inner][\/vc_column][\/vc_row]<\/p>\n<\/div>","protected":false},"excerpt":{"rendered":"<p>[vc_row wrap_container=&#8221;yes&#8221; el_class=&#8221;p-t-xxl p-b-md&#8221;][vc_column][vc_row_inner][vc_column_inner width=&#8221;2\/3&#8243;][vc_custom_heading text=&#8221;EL TERM\u0130NAL\u0130&#8221; use_theme_fonts=&#8221;yes&#8221;][vc_column_text css=&#8221;&#8221;] Restoran\u0131n\u0131z Resis Yemeksepeti Entegrasyonu\u2019ndan nas\u0131l faydalanabilir? D\u00fczenli m\u00fc\u015fterileriniz Yemeksepeti\u2019nde en sevdikleri yeme\u011fi sipari\u015f ettiklerinde restoran\u0131n\u0131z\u0131n ad\u0131n\u0131n g\u00f6r\u00fcnmesini \u00e7ok ister. Resis Yemeksepeti entegrasyonu size basit ama g\u00fc\u00e7l\u00fc bir merkezi sipari\u015f sistemi sa\u011flayabilir. Yeni m\u00fc\u015fteriler edinmek ve onlar\u0131 kal\u0131c\u0131 tutmak, i\u015finizi daha iyi y\u00fcr\u00fctmenize yard\u0131mc\u0131 olabilecek bir di\u011fer [&hellip;]<\/p>\n","protected":false},"author":1,"featured_media":0,"parent":0,"menu_order":0,"comment_status":"closed","ping_status":"closed","template":"","meta":{"footnotes":""},"class_list":["post-281","page","type-page","status-publish","hentry"],"_links":{"self":[{"href":"https:\/\/resis.com.tr\/index.php\/wp-json\/wp\/v2\/pages\/281"}],"collection":[{"href":"https:\/\/resis.com.tr\/index.php\/wp-json\/wp\/v2\/pages"}],"about":[{"href":"https:\/\/resis.com.tr\/index.php\/wp-json\/wp\/v2\/types\/page"}],"author":[{"embeddable":true,"href":"https:\/\/resis.com.tr\/index.php\/wp-json\/wp\/v2\/users\/1"}],"replies":[{"embeddable":true,"href":"https:\/\/resis.com.tr\/index.php\/wp-json\/wp\/v2\/comments?post=281"}],"version-history":[{"count":1,"href":"https:\/\/resis.com.tr\/index.php\/wp-json\/wp\/v2\/pages\/281\/revisions"}],"predecessor-version":[{"id":282,"href":"https:\/\/resis.com.tr\/index.php\/wp-json\/wp\/v2\/pages\/281\/revisions\/282"}],"wp:attachment":[{"href":"https:\/\/resis.com.tr\/index.php\/wp-json\/wp\/v2\/media?parent=281"}],"curies":[{"name":"wp","href":"https:\/\/api.w.org\/{rel}","templated":true}]}}