{"id":292,"date":"2024-07-19T14:16:39","date_gmt":"2024-07-19T11:16:39","guid":{"rendered":"https:\/\/resis.com.tr\/?page_id=292"},"modified":"2024-07-19T14:16:39","modified_gmt":"2024-07-19T11:16:39","slug":"cost-3","status":"publish","type":"page","link":"https:\/\/resis.com.tr\/index.php\/cost-3\/","title":{"rendered":"Hugin T300 Yazarkasa Pos Entegrasyonu"},"content":{"rendered":"<div class=\"wpb-content-wrapper\"><p>[vc_row wrap_container=&#8221;yes&#8221; el_class=&#8221;p-t-xxl p-b-md&#8221;][vc_column][vc_row_inner][vc_column_inner width=&#8221;2\/3&#8243;][vc_custom_heading text=&#8221;COST KONTROL&#8221; use_theme_fonts=&#8221;yes&#8221;][vc_column_text css=&#8221;&#8221;]<\/p>\n<h3>Hugin T300 Entegrasyonu \u00d6zellikleri<\/h3>\n<p>\u0130\u015fletmenizde\u00a0Hugin T300\u00a0entegrasyonu ile herhangi bir s\u0131n\u0131rlama olmaks\u0131z\u0131n, yasal gereklilikler do\u011frultusunda sorunsuz \u00f6deme alabilirsiniz. M\u00fc\u015fterileriniz istedikleri \u00f6deme y\u00f6ntemini kullanabilir, k\u0131smi veya toplu i\u015flem yapabilir. Adisyonlar\u0131n\u0131z\u0131 sistematik bir bi\u00e7imde numaraland\u0131rabilir, adisyonlar\u0131n\u0131z\u0131n t\u00fcm ayr\u0131nt\u0131lar\u0131n\u0131 g\u00f6r\u00fcnt\u00fcleyebilirsiniz[\/vc_column_text][\/vc_column_inner][vc_column_inner width=&#8221;1\/3&#8243;][vc_single_image image=&#8221;293&#8243; img_size=&#8221;large&#8221; onclick=&#8221;link_image&#8221; css=&#8221;&#8221; label=&#8221;&#8221;][\/vc_column_inner][\/vc_row_inner][\/vc_column][\/vc_row]<\/p>\n<\/div>","protected":false},"excerpt":{"rendered":"<p>[vc_row wrap_container=&#8221;yes&#8221; el_class=&#8221;p-t-xxl p-b-md&#8221;][vc_column][vc_row_inner][vc_column_inner width=&#8221;2\/3&#8243;][vc_custom_heading text=&#8221;COST KONTROL&#8221; use_theme_fonts=&#8221;yes&#8221;][vc_column_text css=&#8221;&#8221;] Hugin T300 Entegrasyonu \u00d6zellikleri \u0130\u015fletmenizde\u00a0Hugin T300\u00a0entegrasyonu ile herhangi bir s\u0131n\u0131rlama olmaks\u0131z\u0131n, yasal gereklilikler do\u011frultusunda sorunsuz \u00f6deme alabilirsiniz. M\u00fc\u015fterileriniz istedikleri \u00f6deme y\u00f6ntemini kullanabilir, k\u0131smi veya toplu i\u015flem yapabilir. Adisyonlar\u0131n\u0131z\u0131 sistematik bir bi\u00e7imde numaraland\u0131rabilir, adisyonlar\u0131n\u0131z\u0131n t\u00fcm ayr\u0131nt\u0131lar\u0131n\u0131 g\u00f6r\u00fcnt\u00fcleyebilirsiniz[\/vc_column_text][\/vc_column_inner][vc_column_inner width=&#8221;1\/3&#8243;][vc_single_image image=&#8221;293&#8243; img_size=&#8221;large&#8221; onclick=&#8221;link_image&#8221; css=&#8221;&#8221; label=&#8221;&#8221;][\/vc_column_inner][\/vc_row_inner][\/vc_column][\/vc_row]<\/p>\n","protected":false},"author":1,"featured_media":0,"parent":0,"menu_order":0,"comment_status":"closed","ping_status":"closed","template":"","meta":{"footnotes":""},"class_list":["post-292","page","type-page","status-publish","hentry"],"_links":{"self":[{"href":"https:\/\/resis.com.tr\/index.php\/wp-json\/wp\/v2\/pages\/292"}],"collection":[{"href":"https:\/\/resis.com.tr\/index.php\/wp-json\/wp\/v2\/pages"}],"about":[{"href":"https:\/\/resis.com.tr\/index.php\/wp-json\/wp\/v2\/types\/page"}],"author":[{"embeddable":true,"href":"https:\/\/resis.com.tr\/index.php\/wp-json\/wp\/v2\/users\/1"}],"replies":[{"embeddable":true,"href":"https:\/\/resis.com.tr\/index.php\/wp-json\/wp\/v2\/comments?post=292"}],"version-history":[{"count":1,"href":"https:\/\/resis.com.tr\/index.php\/wp-json\/wp\/v2\/pages\/292\/revisions"}],"predecessor-version":[{"id":294,"href":"https:\/\/resis.com.tr\/index.php\/wp-json\/wp\/v2\/pages\/292\/revisions\/294"}],"wp:attachment":[{"href":"https:\/\/resis.com.tr\/index.php\/wp-json\/wp\/v2\/media?parent=292"}],"curies":[{"name":"wp","href":"https:\/\/api.w.org\/{rel}","templated":true}]}}